 19, 3*y + v = 14. Let n(x) = 3*x + 1. What is n(y)?
13
Suppose 5*m - 13 = 3*t, -t = -4*t + 12. Let d(q) = 2*q - 7*q**2 - m*q + 5*q - 2*q**3 + 5*q**2. Suppose 10 = -3*i - 2*i. Calculate d(i).
4
Let d be 405/18 + 1/(-2). Let q be 7/(-2)*d/11. Let v(f) = f**2 + 7*f. Calculate v(q).
0
Suppose -z - 8 = -5*k, -11*z - 2*k = -10*z + 1. Let a(h) = 3*h + 4. Let r(i) = i. Let v(g) = -a(g) + 4*r(g). Calculate v(z).
-7
Suppose -9*i + 5*i = -76. Suppose 2*r = -3 + i. Suppose -4*q + r - 28 = 0. Let f(b) = b**2 + 3*b - 3. Calculate f(q).
7
Let s(t) be the third derivative of -2/3*t**3 + 0*t + 3*t**2 - 1/6*t**4 + 0. Calculate s(3).
-16
Let w(b) = b**3 - 4*b**2 + 2*b - 1. Suppose 3*x = -333 + 342. Calculate w(x).
-4
Suppose 10*y - 5*y = -4*n + 18, -2*n = 2*y - 6. Let b(i) = -i**3 - 2*i. Let c(s) = -2*s**3 - 6*s**2 - 2*s - 7. Let u(f) = -3*b(f) + c(f). Calculate u(y).
17
Let k(y) be the third derivative of -y**4/6 - y**3/2 + 69*y**2. Let z = -8 + 4. What is k(z)?
13
Let h(s) = s**3 + 17*s**2 + 17*s + 24. Let i be h(-16). Let l(j) = j**2 - 9*j - 3. Calculate l(i).
-11
Let x = 47 - 41. Let r = x + 0. Let l(n) = -2*n + 6. Give l(r).
-6
Let w(m) = m**3 + 6*m**2 + 4*m - 3. Let u(f) = -f**2 + 3*f + 6. Let y(j) = 4*j + 5. Let c be y(0). Let i be u(c). Calculate w(i).
13
Let o(x) = 10*x - 5. Let i(n) = -20*n + 9. Let g be ((-80)/25 - -1)/(1/(-5)). Let c(k) = g*o(k) + 6*i(k). What is c(2)?
-21
Let m(f) = 3*f + 4. Let z(l) = -l + 19. Let o(t) = -2*t + 39. Let a(i) = 3*o(i) - 7*z(i). Let r be a(13). What is m(r)?
-5
Let s(y) = y**2. Let c(g) = -3*g**2 + 6*g - 9. Let k be 3/1 - (3 + 1). Let f(b) = k*c(b) - 4*s(b). Calculate f(-8).
-7
Let r(f) = f**3 - f**2 - 10*f + 3. Let n(x) = -x**2 - 2*x + 1. Let y(p) = 6*n(p) - r(p). What is y(-5)?
13
Suppose 2*u + 29*u + 186 = 0. Let j(g) = 2*g**2 + 12*g + 5. What is j(u)?
5
Let w(v) = -5*v + 0*v**2 + v**2 - 2*v + 5. Let a(d) = 2*d**3 - d**3 - 5*d + 57 - 51 + 4*d**2. Let o be a(-5). Calculate w(o).
-1
Suppose 20*t + 19 = 59. Let o(i) be the second derivative of t*i + 0 + 0*i**2 - 5/6*i**3. Determine o(1).
-5
Let j = -5 + 5. Suppose -3*i + j = -3. Let y(k) = -k**3 - k + 1 - 49*k**2 - 4*k**3 + 48*k**2. What is y(i)?
-6
Suppose -29*m + 12 = -25*m. Let t(b) = b**2 - b - 1. Calculate t(m).
5
Let j(p) = -1 - 27 - 427*p**2 - p**3 + 852*p**2 - 426*p**2. Give j(0).
-28
Let j(g) = g - 2. Suppose 6*x + 1 = 7. Calculate j(x).
-1
Let z(t) be the third derivative of -t**4/24 - 7*t**3/2 + 47*t**2. Determine z(-7).
-14
Let z(v) = -752 - 6*v + 8*v**2 - v**3 + 750 + 0*v**2. Determine z(7).
5
Let n(q) = 5*q**2 - 2*q + 11*q - q**3 + 7 - 14. Suppose -2*v - 20 = -3*f + 2*v, -4*f = -v - 18. Suppose 2*o - 27 = 3*j, 8*o - j = f*o + 29. What is n(o)?
11
Let m(v) = -v + 15. Let f = 983 + -972. Give m(f).
4
Let w(h) = 15*h**3 + 17*h**2 + 11*h - 13. Let s(p) = -34*p**3 - 35*p**2 - 21*p + 24. Let q(x) = -4*s(x) - 9*w(x). Calculate q(14).
7
Let s(q) be the second derivative of 0 + 2/3*q**3 - 2*q - 1/12*q**4 + 3*q**2. Let c(w) = -4*w**2 + 28*w + 5. Let i be c(7). What is s(i)?
1
Let u be (10 + -1)/(12/8). Let c be (-27)/u - (-1)/2. Let m(a) = a + 5. Calculate m(c).
1
Suppose -2*c + 0*c - 32 = -4*z, c + 26 = 4*z. Let s(q) = 2*q**3 - 15*q**2 + 15*q. Let h(b) = b**3 - 7*b**2 + 7*b. Let k(v) = c*s(v) + 13*h(v). Give k(1).
1
Suppose -7*r - 2 = -8*r. Let g(i) = -i**3 - 2*i**2 + i**2 + 4 + r*i - 4*i - 3*i**2. Give g(-3).
1
Suppose 0*r = 3*r - 21. Let z(q) = -q**3 + 8*q**2 - 5*q - 12. Let n(c) be the first derivative of -c - 1. Let x(y) = -2*n(y) + z(y). What is x(r)?
4
Let s be (1 - 13)*(-7)/(-21). Let b(n) = n**3 + 2*n**2 - 5*n - 6. Calculate b(s).
-18
Let o(v) = 6*v**2 + 1. Suppose -12*f - 2 = 3*y - 13*f, -5 = 5*f. Calculate o(y).
7
Let f(r) be the first derivative of -1/4*r**4 - 8/3*r**3 - 9*r - 4 - 4*r**2. Calculate f(-7).
-2
Let f = 10 + 0. Suppose h = f + 10. Suppose -6 = -3*a + 5*c + h, 5*c - 23 = -4*a. Let y(l) = l - 1. Calculate y(a).
6
Let y(i) = 43*i**2 - 6*i - 17. Let m(d) = -13*d**2 + d + 5. Let f(h) = 10*m(h) + 3*y(h). Let t be (-4)/(-6) + 46/(-6). Give f(t).
6
Let t(q) = 5 - 9 + 2 + q. Let g(m) = -4*m + 26. Let y be g(8). Determine t(y).
-8
Let m(l) be the third derivative of l**4/12 + l**3/6 - 2*l**2 + 19*l. Calculate m(0).
1
Suppose -5*b + 0 + 15 = 0. Let t(v) = 6*v - b*v - 2*v. Let f(d) = -5*d**2 - 35*d - 36. Let z be f(-1). Calculate t(z).
-6
Let z(v) be the third derivative of v**6/120 - v**5/60 + v**4/24 + 3*v**3/2 - 3*v**2 - 6. Determine z(0).
9
Let b(w) be the first derivative of w**2 + 3*w - 66. Give b(-6).
-9
Let t(n) = -2*n - 13. Let d be 7/(-7) + 9 - 0. Determine t(d).
-29
Let h(k) = -k**3 + 23*k + 2. Let z(q) = q**3 - 20*q - 2. Let i(w) = -5*h(w) - 6*z(w). What is i(-3)?
14
Let u(h) = -21 + 63 - 2*h - 27 + h. Let c be (-44)/(-5) + (-2)/(-10). What is u(c)?
6
Let j(b) = 2*b**2 - 18*b - 17. Let w(z) = z**3 + 39*z**2 + 36*z - 66. Let h be w(-38). What is j(h)?
3
Let h(j) = 11*j**2 - 75*j + 33. Let g(k) = 5*k**2 - 35*k + 16. Let b(x) = 13*g(x) - 6*h(x). What is b(-5)?
10
Suppose 2*j + 3*j = -v + 46, 4*j - 40 = -4*v. Suppose -2 + j = f. Let d(a) = a**2 - 6*a - 5. Determine d(f).
2
Suppose 140 - 143 = 3*d. Let w(t) = 4 + 7*t + 1 - 4. Give w(d).
-6
Let j(v) = v. Let k be j(1). Let u(a) be the second derivative of -5*a**4/6 + 774*a. Calculate u(k).
-10
Let u be ((-1)/2)/((-5)/30). Let c(h) = h**2 - 4*h - 3. Give c(u).
-6
Let d be (-2 - (-4 - -2)) + 4. Let v = 3 + d. Let a(r) = r**3 - 8*r**2 + 6*r + 10. Let h be a(v). Let m(t) = 3*t - 4. Determine m(h).
5
Let z(n) = -20*n**2 - 19*n - 31. Let c(b) = -7*b**2 - 6*b - 10. Let v = -67 - -84. Let x(k) = v*c(k) - 6*z(k). Calculate x(-11).
5
Let f(h) = h**3 + 5*h**2 - 7*h - 6. Let n be f(-6). Let o = -5 - n. Let k(r) = -6*r + 5. Let s(g) = 9*g - 8. Let z(d) = o*s(d) - 7*k(d). Determine z(5).
-10
Let d(i) = -3*i**2 - 11. Let g(l) = 6*l**2 + l + 23. Let o(w) = -9*d(w) - 4*g(w). Let r(u) = -1. Let v(m) = o(m) + 4*r(m). Give v(2).
7
Let a be (5/(-2))/((-15)/(-30)). Let h be (a + -1)*(-10)/12. Let g(l) = 3 + h*l + 3 - 4*l + 0. Give g(0).
6
Let d(a) be the first derivative of 2*a**3/3 + a - 1. Let p(q) = -q**3 - 2*q**2 + 4*q + 3. Let o be p(-3). Suppose 3*j - 3 + 0 = o. Determine d(j).
3
Suppose 13*f - 59 = 58. Let i(t) = 4*t + 1. Calculate i(f).
37
Suppose 5*w + 37 = z + 10, -4*w + 5*z = 30. Let d(j) = -4*j + 12. Let o(k) = -3*k + 11. Let x(i) = w*o(i) + 4*d(i). Give x(-12).
5
Let s(z) be the first derivative of -z**2/2 - 3*z - 91. What is s(-9)?
6
Let o(y) = -26*y - 22*y + 54*y + y**3 - 6*y**2 + 6. Let c(j) = j**3 + 3*j**2 - j + 2. Let a be c(-3). Determine o(a).
11
Let s = 118 - 83. Let q(w) = s*w + 1 - 2 - 37*w. What is q(-1)?
1
Suppose 0 = 6*q - 3*q - 18. Suppose -4*i - q = 14. Let n(j) = -j**3 - 4*j**2 + j - 4. Calculate n(i).
16
Let q(z) = -z**3 - z**2 - 2*z - 4. Let b be q(-2). Let k be -1 - (-4 + (9 - b)). Let o(x) = -x**2 - 2*x - 3. What is o(k)?
-3
Let h(c) be the first derivative of -8*c**2 + 0*c**2 + 8*c**2 + 9 - c**2. Calculate h(2).
-4
Let g(h) = -h**3 - 4*h**2 + 3*h - 1. Suppose 8 = -3*z - 2*a, -2*z - 16 = -4*a - 0. Let q be z - 0 - (3 + -9). What is g(q)?
-19
Let g(s) be the first derivative of -7*s**2/2 - 17*s - 392. Calculate g(-4).
11
Let b be 6/((-10)/75*5). Let m(f) = f + 3. What is m(b)?
-6
Let c(p) be the second derivative of 3*p**2 - 7/12*p**4 + 1/20*p**5 + 0 - 10*p - 3/2*p**3. Calculate c(8).
-2
Let v(b) be the first derivative of b**4/4 - 5*b - 12. Give v(0).
-5
Let q be (-12)/3 - 3/(-2 + 5). Let h(t) = 7*t**3 + t**2 - 6*t. Let w(o) = -o**3 + o. Let i(g) = q*w(g) - h(g). What is i(-2)?
10
Suppose -4*l + 9 = -t, -2*l - 2*t = -5*l + 3. Let o be (6/1)/l + (-1 - -2). Let y(s) = s**3 - s**2 - s + 1. Calculate y(o).
16
Let r(m) = -m**2. Let w(i) = -4*i**2 - 769 + 769. Let b(k) = -15*r(k) + 3*w(k). Determine b(1).
3
Let v(i) = i - 4. Suppose -5*a + 29 = -4*b, 2*a + 2*a = 2*b + 22. Suppose 5*d = -a*l, 4*d = -2 - 6. Calculate v(l).
-2
Let y(n) be the third derivative of 4*n**2 - 1/6*n**4 - 1/6*n**3 + 0 + 0*n + 1/60*n**5. Calculate y(4).
-1
Let j(l) = 3*l + 18. Let o be j(0). Let p be 130/o - (-2)/(-9). Let k(v) = 23*v**2 + 27*v**2 + p*v + 5 - 49*v**2. Determine k(-5).
-5
Let y(q) be the second derivative of q**5/20 + q**4/4 - q**3/6 - q**2 + q. Suppose 5 = 5*z - 5. Suppose -9 + 3 = 2*b, z*n = 4*